4, 4*p + z + 64 = 0. Give a(p).
12
Let o(b) = -32*b**2 + 38*b**2 - b**2 - 14*b - 6*b**2 + 20*b + 26. Calculate o(-3).
-1
Let t(f) be the third derivative of -f**5/60 + 3*f**4/8 - 4*f**3 - 607*f**2 + 1. Give t(11).
-46
Let o(k) = 3*k**2 + 5*k - 26. Let v(w) = -2*w**2 - 7*w + 15. Let b(a) = 3*o(a) + 4*v(a). Calculate b(8).
-58
Let t(z) = -2 - 8*z - 3*z + 20*z - 7*z. Let n(y) = -13*y + 14. Let p(k) = 2*n(k) + 14*t(k). What is p(1)?
2
Let d(l) = l**3 + 5*l**2 - 6*l + 16. Suppose 0 = 3*c + 9, -5*m + 5*c = -7*m - 27. Calculate d(m).
16
Let s(u) = u**2 + 6*u + 3. Suppose -2*d - 2*h - 6 = 0, 0 = -3*d + 9*h - 13*h - 11. Let o be (44/(-44))/(d/(-4)). Determine s(o).
-5
Suppose -20 - 133 = -17*j. Let n(h) = 6*h - 2. Calculate n(j).
52
Suppose -2*l + 65 = -7*l. Let d(a) = -2*a - 13. Let q(n) = -8876*n - 8878*n + 17755*n + 6. Let b(f) = l*q(f) - 6*d(f). Give b(2).
-2
Let y = 122 + -117. Let g(p) = 3*p**2 - 27*p - 18. Let i(s) = 2*s**2 - 14*s - 9. Let o(q) = y*i(q) - 3*g(q). Calculate o(-8).
-15
Suppose -4*o = c - 383, o + 3*c = -22 + 115. Suppose 47*i = 35*i + o. Let q(f) = -f**3 + 9*f**2 - 12*f + 11. What is q(i)?
-21
Let m(u) = -5*u**2 - 8*u + 14. Let h(b) = -41*b + 576. Let s be h(14). Determine m(s).
-22
Suppose -5*i + 244 - 74 = 0. Let y be -39 + 39 + -7 + -1. Let p be i/(-8) - y/32. Let a(o) = -2*o - 3. Give a(p).
5
Suppose 10*x - 636 - 74 = 0. Let z(d) = -d + x + 61 - 134. Give z(3).
-5
Let u(y) be the third derivative of -y**5/120 - y**4/8 - 5*y**3 - 17*y**2. Let x(c) be the first derivative of u(c). Determine x(0).
-3
Suppose 8*f + 99 = -3*f. Let l(k) = -5*k - 39. Let x be l(f). Let v(i) = 2*i. Let z(t) = -t. Let w(a) = 4*v(a) + 7*z(a). Calculate w(x).
6
Suppose -131*o - 126 = -113*o. Let c(i) be the third derivative of 3*i**4/8 + 7*i**3/6 + i**2. Let w(q) = -8*q - 8. Let k(g) = o*c(g) - 6*w(g). Determine k(-1).
14
Suppose 3*s - 8*s = -4*i - 76, -4*s = -5*i - 68. Let w(z) = 13 + 20 - 41 - z + s. Calculate w(-10).
14
Suppose 5*l - 2 = 4*a, 9*l = 10*l + a - 4. Let m(d) = 5*d**2 - 2 + d + 11*d**2 - 21*d**l + 8*d**2. Determine m(-2).
8
Let p be ((-6)/(-10)*2)/((-426)/(-1420)). Let v(m) = -m**3 - m**2 + 1. Let z(s) = 6*s**2 - 3*s - 6. Let j(l) = v(l) + z(l). Calculate j(p).
-1
Suppose -19*v = -17*v - 6. Suppose -20*u = -16*u - 44. Let q(m) = -m**2 + 9 + 2 + v - m - u. Determine q(-4).
-9
Let o(w) = w**3 + 6*w**2 + 2*w + 6. Let q = -328 + 340. Let r be 9/((-126)/(-7))*(2 - q). What is o(r)?
21
Let y(d) = 6*d + 477 - 918 + 487 - 5*d. Determine y(-15).
31
Suppose -2*u - 8 = 0, -5*b - 13*u = -16*u - 22. Let i(l) = -l**2 + 9*l - 10. Determine i(b).
4
Suppose -2*u = u. Let k(c) = -43*c**2 + 10*c - 33. Let p(f) = 69*f**2 - 16*f + 52. Let o(x) = -8*k(x) - 5*p(x). What is o(u)?
4
Suppose l + 15 = -4*w, 2*w + 4*l = -3*w - 16. Let d(y) = -6*y - 21. What is d(w)?
3
Let d(b) = -b**2. Let k(m) = -5*m**2 + 14*m + 10. Let o(w) = -4*d(w) + k(w). Let q be ((-168)/90)/((-1062)/(-135) - 8). Give o(q).
10
Let k(b) = -b**3 + 28*b - 54. Suppose -17*j + 2074 - 2023 = 0. Give k(j).
3
Let p(a) = a**3 - 18*a**2 + 17*a - 4. Let r(l) = -758*l - 6047. Let f be r(-8). Determine p(f).
-4
Let i(n) = 6*n - 1. Suppose 0 = -16*c + 4 + 28. Let t be (-6)/(-10) + -746*c/20. Let o = 76 + t. Calculate i(o).
11
Let r(z) = 22*z + 12. Let i(q) = 13*q + 6. Let t(f) = -5*i(f) + 3*r(f). Determine t(-2).
4
Let z(m) = 3*m**2 - 7*m - 12. Let h(d) = -d**2. Suppose -2*n - 2 - 4 = 0. Let u be (-2*(-2)/4)/((-3)/n). Let f(t) = u*z(t) + 2*h(t). Determine f(9).
6
Let g(s) = 1 - 6*s + 4 - 4. Let u = 181845 - 181844. Determine g(u).
-5
Let w(r) be the second derivative of -13*r - 1/6*r**3 - 7*r**2 + 0. Give w(-10).
-4
Let u be ((-14)/10)/(1*44/(-440)). Let w(j) = -3*j - 7. Let o(t) = 2*t + 7. Let c(g) = -4*o(g) - 3*w(g). Determine c(u).
7
Let g(c) = -3*c - 7. Let h be g(-7). Let w(o) = 10 + h - o - 24. Calculate w(6).
-6
Let h(y) = -3*y**2 + 42*y - 25. Suppose 2*m - 8 = -3*b, -10*m = -11*m - 5*b - 17. What is h(m)?
14
Let k(o) = 5*o - 7. Suppose 2*l = z - 27, 102*z = 5*l + 98*z + 69. What is k(l)?
-72
Let u(j) = j**2 + 2*j + 1. Suppose 0 = -3*y + 5*f - f + 20, -5*f - 25 = 0. Suppose 4 = 2*g - 2*h, -3*g + 5*h + 12 + 2 = y. Calculate u(g).
1
Suppose 3*v + 1348 - 1315 = 0. Let a(h) = -h**2 - 12*h + 8. Determine a(v).
19
Let c(v) = -v**2 - 7*v - 2. Let a be ((-25)/5 + -3)/(-2). Let z be (a/(-7))/((-15)/(-210)). Determine c(z).
-10
Let g(q) be the third derivative of q**5/60 + q**4/8 + q**3/6 - 12279*q**2. Suppose 6*n - 2*n = -20, -2*o + 28 = -4*n. Suppose -2*x = -3*x - o. Give g(x).
5
Let f(c) be the first derivative of -c**2 - 8*c - 555. What is f(4)?
-16
Let o(j) = -1 + 6 + 2*j + 3 - 3. Let l be 1*(4 - 6) - 0. Calculate o(l).
1
Let r(n) = -3*n**2 - n - 2. Let d(a) = -2*a**2 + 2. Let g be (-18)/48 - (-76)/32. Let u(p) = g*d(p) - r(p). What is u(0)?
6
Let m(d) = -68*d**2 - 45*d - 13. Let g(n) = 9*n**2 + 6*n + 2. Let r(z) = 15*g(z) + 2*m(z). Let s = 5 + -2. Determine r(s).
-5
Let m(g) = -28*g + 3*g**2 - 13 - 4 + 11*g - 9. Let p be m(7). Let x(v) = v + 1. What is x(p)?
3
Let d be (10/(-4))/(50/(-40)). Suppose -5*f = 0, 4*f = -4*h + d*h + 16. Let x(i) = i - 8. What is x(h)?
0
Let z = 24 - 24. Suppose z = r + 3, 2*q - 7*r - 16 = -5*r. Let b(k) = 5*k**3 - 9*k**3 + q*k - 1 - 5*k**2 + 5*k**3. What is b(4)?
3
Suppose -4*m - 4*s = -20, -5*m + 4*s + 17 = -17. Let n(b) = b - 60 + 33 + 0*b + 29. What is n(m)?
8
Let y(n) = -2*n**2 + 30*n - 37. Let k(s) = s**2 - 14*s + 18. Let l(o) = -5*k(o) - 2*y(o). Let a be l(5). Let g(i) = i**2 - 7*i - 5. Calculate g(a).
13
Let w(m) = -m**2 - m - 2. Suppose 18*j = 33*j + 105. Let y(c) = -c**3 - 6*c**2 + 5*c - 9. Let g be y(j). Calculate w(g).
-32
Let n(f) = 17*f + 21. Let a(c) = -2*c**2 - 69*c + 263. Let k be a(-38). What is n(k)?
-30
Let z = -155 - -147. Let c be (3 - 0)*3 - 0. Let l(m) = -5 - m**2 - 1 - 6 - c*m - m. Calculate l(z).
4
Let l = -26 - -12. Let q(p) = p + 7. Let a(o) = 7*o + 52. Let k(t) = -3*a(t) + 20*q(t). Determine k(l).
-2
Let b(j) = -j**2 + 6*j + 2. Let i = 130 - 95. Suppose -8*g + 21 = -i. What is b(g)?
-5
Let f be 14/8 + 17/68. Let g(z) = -3*z + 2*z + 2*z - f*z**2 - 2. What is g(2)?
-8
Let g(n) = -7*n - 2. Let f(s) = 6*s + 3. Let d(j) = -3*f(j) - 4*g(j). Let k be (12 - 27)*-1*(-3)/(-15). Suppose 3 = -6*o - k. Give d(o).
-11
Suppose -30 = 4*c + 5*t, 4*c = -t + 4*t - 14. Let o(w) be the second derivative of -w**5/20 - w**4/3 - w**3/2 + 5*w**2/2 - 12215*w + 2. What is o(c)?
45
Let z(u) = 6*u + 7. Let h(y) = 2*y + 2. Let a be -11 - 4*3/4. Let p(v) = a*h(v) + 4*z(v). Let s = 634 + -633. Determine p(s).
-4
Suppose -2*j + 4 = -b, 4*b + 6 = 4*j + 2. Let z(a) = 2*a + 0*a + 3*a - j*a + 10. Suppose -3*y - 33 = 3*d, 2*y = -5*d - 51 + 17. Calculate z(y).
-4
Let c(p) = p**2 - 171*p - 3180. Let q be c(-17). Let m(a) = -a**3 + 15*a**2 + 19*a - 37. What is m(q)?
11
Suppose 0 = -9*o - 10415 + 2639. Let a = 872 + o. Let i(d) = d**2 - 10*d + 11. Calculate i(a).
-5
Let l(v) = -v**3 - 10*v**2 - 8*v + 6. Let p be (12/(-7))/((-6)/7 + 1). Let c be (16/p)/(4/(-6)). Let g be 0 + 6*(21/c)/(-7). Give l(g).
-3
Let b(t) = -2*t**2 - 62*t - 4. Let c(i) = i**2 + 28*i + 2. Let y(f) = 4*b(f) + 9*c(f). Let x(o) = 3*o. Let h = 5 + -6. Let w be x(h). Give y(w).
-1
Let c(j) = -j**2 + 7*j + 12. Suppose z + 2*t = 5*z + 27200, -4*z - 2*t = 27200. Let x be z/(-675) - (-6)/(-81). Give c(x).
-18
Let j = -6 + 14. Suppose 9*p - j*p - 2 = 0. Let w(l) be the first derivative of -l**3/3 + l**2/2 - 2*l - 10. Determine w(p).
-4
Let k(x) = x - 1. Let o be k(5). Let q(r) = 12198*r + 12195*r + 12201*r - 4 + 12212*r + 5*r**2 - 48811*r - r**3. Give q(o).
-8
Let x(g) = -36*g - 353. Let u = -22526 - -22516. Determine x(u).
7
Suppose 3*b - 4*c = 3, -5*c - 4 = b - 5. Let z(j) = -3*j**2 + 5*j - 3. Let x be z(b). Let t(i) = -12*i**3 - i**2 - 2*i - 1. Calculate t(x).
12
Let b(j) be the third derivative of -j**6/120 + j**5/10 + j**4/4 + j**3/6 + 11*j**2 - 243. What is b(9)?
-188
Let i(l) be the first derivative of -l**2/2 - 7*l + 1. Let h(x) = -x + 8. Let q(s) = 4*s - 33. Let u(k) = 9*h(k) + 2*q(k). Let g be u(11). Determine i(g).
-2
Let k(y) = -y**2 - 6*y + 2*y**2 + 3*y - 3*y + y**2. Let j be (88/(-55))/((-4)/10). Give k(j).
8
Let u(o) = 2322*o - 28*o**2 - 2310*o + 9*o**2 - 48 + 21. Give u(2).
-79
Let d(z) = -49*z - 56. Let x(m)